
In base 13, what is -5 + 41?
39
In base 7, what is 11534 + -2?
11532
In base 15, what is -4b - 31?
-7c
In base 16, what is -1aa6 - -5?
-1aa1
In base 12, what is -11 - 5b?
-70
In base 2, what is 1011010101 - -1101?
1011100010
In base 10, what is 211 + 50?
261
In base 10, what is -1 + 676?
675
In base 13, what is 5 - -2?
7
In base 9, what is -12 - 24?
-36
In base 16, what is -51ba - 5?
-51bf
In base 13, what is 7 - -90?
97
In base 13, what is 366b + -2?
3669
In base 8, what is -3 - -5?
2
In base 12, what is 6 + 576?
580
In base 16, what is -9a + -7?
-a1
In base 5, what is -11 - 4334?
-4400
In base 10, what is -9 - -5?
-4
In base 4, what is 20 - -20133?
20213
In base 13, what is -2 + 479?
477
In base 2, what is 1000 - -110?
1110
In base 10, what is 909 - 6?
903
In base 3, what is 1201 - 11?
1120
In base 9, what is 32 + -16?
15
In base 16, what is -34c + -3?
-34f
In base 3, what is 2 + 1020222?
1021001
In base 12, what is -9 - 14?
-21
In base 16, what is b3 - 5?
ae
In base 8, what is 116 + 1?
117
In base 9, what is -31 + 122?
81
In base 3, what is -2 - -12102?
12100
In base 6, what is 3 - 22?
-15
In base 15, what is -5b + 162?
106
In base 12, what is 0 - -224?
224
In base 13, what is -266 - -5?
-261
In base 10, what is -1 - 41?
-42
In base 11, what is 9 - a79?
-a70
In base 9, what is 2524 - 0?
2524
In base 4, what is -102220 + 1?
-102213
In base 7, what is -21 - -1?
-20
In base 11, what is 2 + -2727?
-2725
In base 12, what is -1 - -b87?
b86
In base 5, what is -133444 + -4?
-134003
In base 9, what is 4 + 3?
7
In base 12, what is 5674 + -2?
5672
In base 5, what is -1 - 312?
-313
In base 13, what is 51 + 5?
56
In base 7, what is -601 - 0?
-601
In base 3, what is 10 + -10112201?
-10112121
In base 14, what is 6 + -3a?
-34
In base 14, what is -11 + 61?
50
In base 11, what is -3 + -52?
-55
In base 9, what is -63 + 2?
-61
In base 8, what is -15 - 61?
-76
In base 2, what is 1101 + -100111?
-11010
In base 7, what is 1334 + -5?
1326
In base 9, what is -2 - -8420?
8417
In base 6, what is -103 - -44?
-15
In base 8, what is -51 + 137?
66
In base 7, what is 4 + -5033?
-5026
In base 14, what is -19d + -10?
-1ad
In base 9, what is 1568 + 5?
1574
In base 12, what is -5 + -1290?
-1295
In base 4, what is -12033 + -101?
-12200
In base 12, what is -49 - -10?
-39
In base 12, what is -51 - 1?
-52
In base 3, what is -1212 - -121?
-1021
In base 5, what is -43 - 112?
-210
In base 4, what is 1000 - 21?
313
In base 12, what is 15 + 7ab?
804
In base 15, what is -17 - c?
-24
In base 13, what is 3 - -59?
5c
In base 12, what is 48 - 15?
33
In base 14, what is -3132 + -2?
-3134
In base 8, what is -4 + -106?
-112
In base 5, what is 30 + -4143?
-4113
In base 6, what is -1 + 12?
11
In base 9, what is 2312 - 4?
2307
In base 4, what is -11 - -13210?
13133
In base 3, what is -1111 + -11?
-1122
In base 3, what is 10001 - 12?
2212
In base 8, what is -1 - 3654?
-3655
In base 13, what is 5 + 26b?
273
In base 16, what is 2 - -61?
63
In base 12, what is 5b - -1?
60
In base 7, what is 366 + 35?
434
In base 9, what is -378 + -5?
-384
In base 2, what is 111101101 + -100?
111101001
In base 9, what is -278 + 2?
-276
In base 2, what is -10001111101 - -100?
-10001111001
In base 11, what is -1 - 185?
-186
In base 9, what is 213 - 2?
211
In base 7, what is -4 - -11615?
11611
In base 14, what is 2aa - -2?
2ac
In base 14, what is -8 - 144?
-14c
In base 6, what is -454 - 4?
-502
In base 6, what is -5 - 20?
-25
In base 11, what is -123 + -4?
-127
In base 16, what is c + -fc?
-f0
In base 13, what is 40 - -52?
92
In base 16, what is 2c - -4?
30
In base 10, what is 1 + 147?
148
In base 5, what is 1 - 14?
-13
In base 12, what is -4 - 813?
-817
In base 7, what is -3530 - 4?
-3534
In base 11, what is 4 + -3049?
-3045
In base 4, what is -11 - 10133?
-10210
In base 13, what is 1 - -89?
8a
In base 10, what is -1004 - 9?
-1013
In base 10, what is -22 - 23?
-45
In base 12, what is 23 + -17?
8
In base 14, what is -357b - -2?
-3579
In base 6, what is 3342 + 4?
3350
In base 5, what is 10 + 112?
122
In base 12, what is 1 - -259?
25a
In base 3, what is -22210122 - 1?
-22210200
In base 3, what is -121220 + -12?
-122002
In base 6, what is -155 - -5?
-150
In base 5, what is 111103 - 2?
111101
In base 7, what is 2 - -2325?
2330
In base 4, what is -2 - -3?
1
In base 2, what is 101001 - 11011111?
-10110110
In base 4, what is 300212 + -10?
300202
In base 3, what is -1011 + 1212?
201
In base 6, what is 1245 - 21?
1224
In base 12, what is 5 - 113?
-10a
In base 14, what is 184 - 1?
183
In base 7, what is -10204 - -4?
-10200
In base 13, what is -340 - -4?
-339
In base 14, what is -11 + -3d?
-50
In base 10, what is 2054 + 5?
2059
In base 3, what is 11 - -10211210?
10211221
In base 16, what is 19 + -a9?
-90
In base 5, what is -14 - -42?
23
In base 8, what is -7145 + -2?
-7147
In base 16, what is 36 + -2?
34
In base 14, what is 2 - 57c?
-57a
In base 3, what is -22202122 - -1?
-22202121
In base 12, what is 56 - -2?
58
In base 3, what is -1202101 - -21?
-1202010
In base 13, what is -146 + 0?
-146
In base 12, what is -189 + 4?
-185
In base 9, what is 5 + -1876?
-1871
In base 3, what is -11 + -110210001?
-110210012
In base 6, what is -1 - -2022?
2021
In base 4, what is 31 + -2102?
-2011
In base 14, what is a2 - 0?
a2
In base 15, what is 5 + a98?
a9d
In base 12, what is -2154 + 2?
-2152
In base 13, what is 3 + 48?
4b
In base 4, what is 13 + 1323?
2002
In base 12, what is -1758 - 0?
-1758
In base 11, what is 0 + -471?
-471
In base 11, what is -4 - -7a?
76
In base 4, what is 22 + 120213?
120301
In base 9, what is 40 + -7?
32
In base 2, what is 111 + 1000110?
1001101
In base 9, what is 4 - -51?
55
In base 12, what is -7 + 34a?
343
In base 14, what is -321 - -2?
-31d
In base 7, what is -1 - -12263?
12262
In base 8, what is 10 - 1612?
-1602
In base 16, what is 123 + -3?
120
In base 16, what is 2 + -25?
-23
In base 3, what is -112020202 + 2?
-112020200
In base 8, what is 4 + 26?
32
In base 14, what is -6d5 - b?
-702
In base 3, what is 211 + -221?
-10
In base 2, what is 1011000 - 11?
1010101
In base 13, what is 2 + 491?
493
In base 8, what is -140 - -2?
-136
In base 5, what is -220 - -41?
-124
In base 13, what is -8 - 13?
-1b
In base 12, what is -b98 + -4?
-ba0
In base 14, what is -2581 + 4?
-257b
In base 9, what is -1 + 2526?
2525
In base 9, what is 2 - 1?
1
In base 14, what is 5 - -6a?
71
In base 10, what is -35 - 2?
-37
In base 6, what is -51103 - 5?
-51112
In base 16, what is 1b + 20?
3b
In base 5, what is 0 + -11421?
-11421
In base 2, what is -1100000101 + -111?
-1100001100
In base 5, what is -14 + -134?
-203
In base 14, what is -2 - -3a?
38
In base 10, what is 178 - 13?
165
In base 12, what is 17b + -9?
172
In base 2, what is -1101 + 11110101?
11101000
In base 16, what is 7 + -339?
-332
In base 16, what is 4 - 26?
-22
In base 6, what is 15 - 5203?
-5144
In base 16, what is 2e2 + -3?
2df
In base 7, what is 5 - -601?
606
In base 4, what is -10 - -1212?
1202
In base 12, what is 9b9 - -1b?
a18
In base 6, what is -3 + -125?
-132
In base 8, what is -5 - 235?
-242
In base 2, what is 11110110011 + -1?
11110110010
In base 13, what is -3 - 13?
-16
In base 7, what is 0 + 5?
5
In base 3, what is -2 - 10012?
-10021
In base 13, what is 2 - -130c?
1311
In base 12, what is 16 + -66?
-50
In base 14, what is -1d - -15?
-8
In base 8, what is 3 - -3?
6
In base 10, what is -26 + -3?
-29
In base 13, what is -3 + 229?
226
In base 2, what is 110 - 10111?
-10001
In base 14, what is 3 + 714?
717
In base 15, what is -4 + 63?
5e
In base 14, what is -2 - -163?
161
In base 11, what is -4 + 13?
a
In base 4, what is -3 - 11011?
-11020
In base 11, what is -221 - -5?
-217
In base 16, what is 2 + -d40?
-d3e
In base 4, what is -12010 + -100?
-12110
In base 13, what is -3 - -a77?
a74
In base 8, what is -345 - 14?
-361
In base 3, what is -12210020 + -12?
-12210102
In base 7, what is 4 - -21022?
21026
In base 14, what is 19c + 0?
19c
In base 4, what is 1 - 102?
-101
In base 16, what is -5b - -41?
-1a
In base 13, what is -5 + 356?
351
In base 15, what is -27 + 82?
5a
In base 16, what is 14cc + 5?
14d1
In base 2, what is -1000 + 111111?
110111
In base 12, what is 5b + 16?
75
In base 2, what is 10001110 - 10?
10001100
In base 15, what is 23 - -8?
2b
In base 13, what is -4a - 